git of 10080042?
4
What is the ten thousands digit of 1337631?
3
What is the tens digit of 551795?
9
What is the units digit of 984333?
3
What is the thousands digit of 267986?
7
What is the thousands digit of 5106671?
6
What is the tens digit of 8569630?
3
What is the units digit of 3003520?
0
What is the ten thousands digit of 248734?
4
What is the thousands digit of 2319123?
9
What is the hundreds digit of 2202057?
0
What is the thousands digit of 5228590?
8
What is the thousands digit of 77442?
7
What is the thousands digit of 8864068?
4
What is the units digit of 388206?
6
What is the ten thousands digit of 23964527?
6
What is the units digit of 150014?
4
What is the thousands digit of 5749319?
9
What is the ten thousands digit of 313716?
1
What is the hundred thousands digit of 554388?
5
What is the units digit of 15426914?
4
What is the ten thousands digit of 26614806?
1
What is the millions digit of 5512390?
5
What is the ten thousands digit of 8734149?
3
What is the hundreds digit of 2889572?
5
What is the tens digit of 5580499?
9
What is the hundreds digit of 35205?
2
What is the ten thousands digit of 370166?
7
What is the ten millions digit of 17448397?
1
What is the hundred thousands digit of 11552597?
5
What is the hundreds digit of 12145147?
1
What is the ten thousands digit of 1242715?
4
What is the millions digit of 29617386?
9
What is the hundreds digit of 32059248?
2
What is the hundred thousands digit of 16346256?
3
What is the thousands digit of 235091?
5
What is the thousands digit of 9209419?
9
What is the hundred thousands digit of 2370224?
3
What is the tens digit of 173092?
9
What is the millions digit of 7144265?
7
What is the units digit of 130796?
6
What is the hundreds digit of 21068529?
5
What is the thousands digit of 4162994?
2
What is the thousands digit of 68489?
8
What is the hundreds digit of 819750?
7
What is the hundred thousands digit of 115855?
1
What is the millions digit of 3503112?
3
What is the ten thousands digit of 82565?
8
What is the units digit of 1145824?
4
What is the ten thousands digit of 231777?
3
What is the thousands digit of 13033181?
3
What is the hundred thousands digit of 2585591?
5
What is the hundred thousands digit of 9140886?
1
What is the tens digit of 6033985?
8
What is the ten thousands digit of 2522797?
2
What is the tens digit of 868720?
2
What is the hundreds digit of 270356?
3
What is the units digit of 257973?
3
What is the ten thousands digit of 82495?
8
What is the thousands digit of 1475482?
5
What is the hundreds digit of 414477?
4
What is the ten thousands digit of 19601153?
0
What is the ten thousands digit of 210915?
1
What is the hundreds digit of 142153?
1
What is the units digit of 434621?
1
What is the ten thousands digit of 20492?
2
What is the ten thousands digit of 10711212?
1
What is the millions digit of 1583988?
1
What is the ten thousands digit of 9127756?
2
What is the ten thousands digit of 292659?
9
What is the tens digit of 65103?
0
What is the units digit of 48701?
1
What is the units digit of 297103?
3
What is the thousands digit of 661339?
1
What is the hundred thousands digit of 301829?
3
What is the tens digit of 938332?
3
What is the hundred thousands digit of 17423563?
4
What is the tens digit of 35556635?
3
What is the thousands digit of 876527?
6
What is the millions digit of 13584311?
3
What is the millions digit of 2632845?
2
What is the thousands digit of 413387?
3
What is the tens digit of 2825742?
4
What is the ten thousands digit of 12719923?
1
What is the millions digit of 3135818?
3
What is the hundreds digit of 884761?
7
What is the ten thousands digit of 15362719?
6
What is the millions digit of 4557407?
4
What is the thousands digit of 427513?
7
What is the tens digit of 4501003?
0
What is the units digit of 4140011?
1
What is the ten thousands digit of 1685610?
8
What is the hundred thousands digit of 293844?
2
What is the thousands digit of 6544224?
4
What is the hundreds digit of 41509?
5
What is the hundreds digit of 463005?
0
What is the tens digit of 846011?
1
What is the hundreds digit of 138267?
2
What is the units digit of 872528?
8
What is the tens digit of 1355150?
5
What is the tens digit of 543935?
3
What is the hundred thousands digit of 193711?
1
What is the tens digit of 1025796?
9
What is the ten thousands digit of 192254?
9
What is the hundred thousands digit of 403102?
4
What is the ten thousands digit of 2248746?
4
What is the thousands digit of 129650?
9
What is the thousands digit of 6158487?
8
What is the tens digit of 3205700?
0
What is the tens digit of 2121346?
4
What is the thousands digit of 756487?
6
What is the millions digit of 8877545?
8
What is the units digit of 7896276?
6
What is the thousands digit of 2200969?
0
What is the thousands digit of 11616586?
6
What is the units digit of 298147?
7
What is the units digit of 1975385?
5
What is the units digit of 177948?
8
What is the units digit of 558383?
3
What is the hundred thousands digit of 17635657?
6
What is the hundred thousands digit of 348558?
3
What is the tens digit of 499995?
9
What is the hundreds digit of 11860?
8
What is the millions digit of 38471476?
8
What is the tens digit of 275093?
9
What is the thousands digit of 278310?
8
What is the thousands digit of 12656080?
6
What is the units digit of 6567137?
7
What is the hundreds digit of 3680300?
3
What is the thousands digit of 10053470?
3
What is the hundreds digit of 16672627?
6
What is the units digit of 217120?
0
What is the tens digit of 229071?
7
What is the thousands digit of 163695?
3
What is the tens digit of 13603575?
7
What is the units digit of 891957?
7
What is the hundred thousands digit of 1291298?
2
What is the tens digit of 2372343?
4
What is the hundred thousands digit of 1645435?
6
What is the tens digit of 172222?
2
What is the ten thousands digit of 6543195?
4
What is the ten thousands digit of 225710?
2
What is the ten millions digit of 11753378?
1
What is the hundred thousands digit of 3922351?
9
What is the hundreds digit of 6105069?
0
What is the thousands digit of 330688?
0
What is the ten millions digit of 25286947?
2
What is the thousands digit of 813329?
3
What is the hundred thousands digit of 4374601?
3
What is the thousands digit of 9709130?
9
What is the thousands digit of 22348629?
8
What is the hundreds digit of 11976502?
5
What is the units digit of 15974908?
8
What is the hundreds digit of 57657?
6
What is the ten thousands digit of 6055592?
5
What is the thousands digit of 4968921?
8
What is the ten thousands digit of 1186067?
8
What is the ten thousands digit of 165699?
6
What is the millions digit of 16281494?
6
What is the hundreds digit of 5652277?
2
What is the hundreds digit of 3005585?
5
What is the hundred thousands digit of 1674252?
6
What is the ten thousands digit of 8015924?
1
What is the ten thousands digit of 233551?
3
What is the units digit of 208099?
9
What is the ten thousands digit of 16290982?
9
What is the units digit of 93898?
8
What is the millions digit of 3378350?
3
What is the hundreds digit of 8504726?
7
What is the millions digit of 9991904?
9
What is the units digit of 814974?
4
What is the units digit of 1246508?
8
What is the thousands digit of 100205?
0
What is the millions digit of 12901727?
2
What is the thousands digit of 709617?
9
What is the hundreds digit of 2632587?
5
What is the thousands digit of 374233?
4
What is the ten thousands digit of 23075842?
7
What is the ten thousands digit of 497199?
9
What is the ten thousands digit of 1835296?
3
What is the units digit of 150462?
2
What is the units digit of 2265341?
1
What is the units digit of 5457202?
2
What is the tens digit of 844237?
3
What is the tens digit of 2801172?
7
What is the hundred thousands digit of 601086?
6
What is the units digit of 40398846?
6
What is the millions digit of 2806826?
2
What is the ten millions digit of 10822605?
1
What is the units digit of 155021?
1
What is the units digit of 24138?
8
What is the units digit of 133213?
3
What is the hundred thousands digit of 109125?
1
What is the tens digit of 641813?
1
What is the hundreds digit of 172065?
0
What is the thousands digit of 720958?
0
What is the units digit of 10027647?